 b(o) = -12*o**2 + o + 1. Let u be b(-1). Let c = u + 32. Is c a multiple of 3?
False
Suppose 5*v - 80 - 25 = 0. Suppose 0 = -v*u + 19*u + 36. Is 18 a factor of u?
True
Let q(r) = -r**3 + 19*r**2 + 13*r - 102. Is 43 a factor of q(18)?
False
Let h be (-4)/(-28) - (-20)/7. Suppose -u - h + 2 = 0. Is (1/u)/((-7)/56) a multiple of 8?
True
Let h(x) = 9*x + 80. Is 23 a factor of h(9)?
True
Let s = 82 + -41. Suppose -2*v = -s - 59. Let k = v + 3. Does 28 divide k?
False
Let a(v) = v**2 - 14*v - 30. Let l be a(16). Suppose 0 = l*y - 3*y + 11. Is 2 a factor of y?
False
Suppose 3180 = 5*y - y. Suppose l - y = 6*l. Let m = -90 - l. Does 12 divide m?
False
Let n be (4 - 2) + (-1)/(-1). Suppose 3*x = -5*g + 37, -3*g - 1 = -n*x - 4. Suppose 0 = l - 2*t + t - 30, -115 = -x*l + 3*t. Is 12 a factor of l?
False
Suppose -4*h + 38 = 2. Suppose 0 = h*o - 436 + 4. Is 16 a factor of o?
True
Does 64 divide (-4)/(-30) - (9 - (-52638)/(-90))?
True
Let m = 35 + -137. Let q = m - -264. Is q a multiple of 9?
True
Let v = 134 - -199. Is 18 a factor of v?
False
Is (-17 + 2)/((-23)/207) a multiple of 3?
True
Let k = -37 + 25. Is 44 - k/(-15)*5/2 a multiple of 42?
True
Let o(i) = i - 1. Let a be 6*(-4)/8 - -7. Let d be -1 + a - (-7 + 7). Is o(d) a multiple of 2?
True
Let u be ((-2)/1)/(-10) + (-3818)/(-10). Suppose -4*h + u = 2*a, -2*h - 2*a = -144 - 50. Is h a multiple of 40?
False
Suppose 3*y - 16 = -y. Suppose -y*r + 256 = b - 2*b, 0 = 4*b. Does 13 divide r?
False
Suppose 5*i - 8130 - 7630 = 0. Is 73 a factor of i?
False
Suppose -4*a = -q - 1251, a + 2*q = -2*a + 930. Is a a multiple of 8?
True
Let h = 131 + -350. Let z = h - -339. Let l = -36 + z. Does 13 divide l?
False
Let y(c) = c**2 + 7*c + 24. Is y(6) a multiple of 5?
False
Suppose 0 = i + 3 + 10. Let t = 29 - i. Is 9 a factor of t?
False
Let u(d) = 1 + 8 + 194*d**2 - 189*d**2 + 11*d. Is u(-7) a multiple of 43?
False
Suppose -7378 = -7*l + 27440. Does 52 divide l?
False
Let a(y) = -y**3 + 12*y**2 + 20*y - 12. Let b be a(13). Let g = -32 + b. Is g a multiple of 42?
False
Let h(k) = -2*k - 10. Let m be h(0). Let r(z) = -6*z - 9. Let y be r(m). Suppose 181 = 5*w + y. Is 13 a factor of w?
True
Suppose 0 = -5*x - 0*x - 50. Let f = -17 - x. Let n = 15 + f. Is 4 a factor of n?
True
Let k(p) = -3*p - 32. Let x be k(-16). Suppose 0 = -2*z + 96 + x. Is 7 a factor of z?
True
Suppose -21*v + 25*v + 16 = 0. Let u(c) = -3*c**3 + c**2 - 5*c - 9. Does 48 divide u(v)?
False
Let g = 178 - 87. Let w = -1 + g. Is 15 a factor of w?
True
Is 45 a factor of (-9)/21 - (-3783)/7?
True
Suppose -4*x = x + 40. Is 2 + -4 + 96 + 8/x a multiple of 31?
True
Let j = -1823 + 3087. Does 10 divide j?
False
Let w(i) = -5*i + 7*i - i + i. Does 2 divide w(2)?
True
Suppose 6*p = 2*p + 864. Is 6 a factor of p?
True
Let r = -2087 - -2435. Does 6 divide r?
True
Suppose 0*x - 3*x = -4*i + 21, -2*i + 13 = x. Let s be (52/i)/((-18)/(-27)). Suppose -3*t - s = -61. Is t a multiple of 4?
True
Let y be 48/10 + (-3)/(-15). Let c(v) = v + 3. Let x be c(y). Suppose 3*q = x*q - 25. Does 5 divide q?
True
Let f be 16/(-6)*(-18)/12. Suppose -f*u - 4*h = -608, -h - 152 = -u - 4*h. Is u a multiple of 10?
False
Let q(j) = 2*j - 13. Suppose 3*k = n + 22, 0*k + 2*k + 4*n - 38 = 0. Let r be q(k). Suppose -r*a + 44 = -3*a. Does 8 divide a?
False
Suppose -4*p - 8 = -0*p. Let c be -4 + 6 + (-4 - p). Suppose -2*v - 3*r + 7 + 7 = c, -3*r = 3*v - 24. Is 2 a factor of v?
True
Let g(z) = z**2 - 10*z - 5. Let y be g(11). Suppose y*u - 2*u - 8 = 0. Suppose -2*m + 3*h = -105, -154 = -3*m - u*h + 3*h. Is m a multiple of 17?
True
Let i = -424 - -725. Does 33 divide 11/((-66)/24) + i?
True
Is 7 + -4 + 4 + (-3776)/(-2) a multiple of 32?
False
Let i(w) = 2*w + 36. Let z be i(-16). Suppose -y - y = 5*j - 176, -3*y + 264 = z*j. Is y a multiple of 23?
False
Let b(x) = 4*x**2 + 16*x - 25*x + 18 - 3*x**2. Is b(15) a multiple of 28?
False
Let b be -2*(0 - 1)*2. Let j be 150/b*4/6. Let v = 42 - j. Does 6 divide v?
False
Let v(x) = 6*x**2 + 4*x. Let s = -18 + 15. Let l be v(s). Let p = l - 8. Does 7 divide p?
False
Let h(t) = t**2 - 19*t + 84. Is 39 a factor of h(-32)?
True
Let w be 3/3 - 3 - -6. Suppose 3*h - 54 = -3*b, 5*h - 27 = w*h + 2*b. Is h a multiple of 7?
True
Let p(b) = -b**3 + 10*b**2 - 9*b + 2. Suppose -4*w = -5*m - 30, -2*w - 2*w + 14 = 3*m. Let k be 8 + (m + 1 - -2). Is p(k) a multiple of 2?
True
Let c = -248 - -524. Is 28 a factor of c?
False
Let q(i) = -i**3 + i**2 - i + 9. Let s(k) = k - 20. Let a be s(20). Does 5 divide q(a)?
False
Let p(y) = -y**3 - 5. Let c be p(0). Let o(x) = 2*x**2 - x + 3. Let w be o(c). Let u = w + -30. Is 7 a factor of u?
True
Let h = -30 + 42. Let t be ((-8)/h)/((-2)/(-3)). Does 21 divide -3 - (-22 + (t - 1))?
True
Suppose 2*b = 8, 4*b + 2 - 3 = 5*q. Let z(o) = 3*o**3 - 2*o**2 - 8*o + 3. Is 42 a factor of z(q)?
True
Is 5 a factor of (144/(-96))/((-2)/208)?
False
Let d = 9 - 4. Suppose 0*q + 23 = -2*t + d*q, 5*t = 4*q - 32. Does 3 divide 1/(t/(2 - 70))?
False
Suppose 0 = 2*p - 4*p + 4*u + 50, -135 = -5*p + 5*u. Is 12 a factor of p?
False
Suppose 3*d = 13*d - 4790. Does 3 divide d?
False
Let l(c) = 104*c + 23. Let k be ((-7)/14 - 2/(-2))*6. Does 24 divide l(k)?
False
Suppose -33*l - 1305 = -36*l. Suppose 0 = -10*p + 5*p + l. Is 16 a factor of p?
False
Let o be (-2)/(-3)*(33 - -9). Let j be 146/(-10) - 21/(-35). Let i = o + j. Is 5 a factor of i?
False
Suppose 0 = -4*n + 3*x - 3 + 6, n + 3*x = 12. Suppose 16 = -4*y + n*y. Let m = y + 29. Is m a multiple of 4?
False
Let v be 1*(-268)/(-4) + -4. Let y = v + -42. Is y a multiple of 21?
True
Suppose 4*x - n - 28 = 28, x - 4*n = 29. Does 5 divide (-10)/(-4)*(-84)/(-70) + x?
False
Let d = 1654 + -474. Is d a multiple of 58?
False
Let a = 22 - 10. Suppose 0 = 3*n + 3*g + 15, -4*g = -3*n + a - 48. Is 9 a factor of ((-14)/n + -4)*-16?
True
Suppose 19*b - 787 - 904 = 0. Is 14 a factor of b?
False
Suppose -5*z + 0*m + m = -16, -3*z - 4*m + 28 = 0. Suppose 3*f - 42 = -2*i + z*f, f = -5*i + 91. Is i a multiple of 10?
False
Suppose -d - 2*k + 3*k + 39 = 0, 0 = 5*k - 25. Suppose 0 = 4*m - 6*m + d. Is m a multiple of 6?
False
Suppose -4*z - 4 = 0, -1106 = -2*a + z + 47. Let h = a + -231. Is h a multiple of 46?
False
Suppose -55*l + 48*l = -3878. Does 15 divide l?
False
Suppose -5*r - 2*u + 1429 = -922, 5*r + 4*u - 2347 = 0. Does 66 divide r?
False
Suppose 8*g = 3*g - 65. Let v = g + 24. Suppose -3*s = -136 - v. Is s a multiple of 16?
False
Let j = 22 + -38. Let f(m) = -7*m - 22. Is 18 a factor of f(j)?
True
Suppose 3*d = 4*m - 2362, -4*d - 1167 = -3*m + 601. Is 4 a factor of m?
True
Let w = -2107 - -3342. Is 13 a factor of w?
True
Let c be 2/(-4) + 91/26. Suppose 0 = -j - c*j + 8. Suppose j*s + 2*s = 144. Is 13 a factor of s?
False
Suppose 0 = j - 3*j. Suppose l + j*n - 54 = -5*n, -67 = -3*l + 4*n. Suppose -l = -y + 2*s, -3*y + 34 = -y + 2*s. Is y a multiple of 7?
True
Suppose -r + g + 4 = -4*g, -r - 3*g + 28 = 0. Suppose r*u - 20*u + 106 = 0. Does 22 divide u?
False
Suppose -14*x + 11*x = 75. Is 11 a factor of (54/(-5))/(10/x)?
False
Let b be (-27)/(-5) + 10/(-25). Suppose 3*d = f - 11 + 64, -75 = -b*d + 5*f. Is d a multiple of 5?
False
Suppose 4*o = u - 36 + 2, 4*u = -4*o - 44. Is (8/(-36) + 16/o)*-28 a multiple of 8?
True
Suppose 5*h = 0, 6*z + h - 1636 = 4*z. Is 34 a factor of z?
False
Suppose -3*s + 7*s = 4*p + 344, -2*p - 4*s - 148 = 0. Let g = 115 + p. Suppose -3*t = -9 - g. Does 4 divide t?
False
Let j = 22 + -14. Suppose -32 = -c + j. Is c a multiple of 10?
True
Suppose 0 = -4*t + 3*f - 88, -7*f = -6*f. Does 10 divide 4/6*t*165/(-22)?
True
Let g be (83 - 1) + 0 + 0. Suppose -2*o + 7 = -47. Let v = g - o. Does 13 divide v?
False
Let n = -7 + 8. Let d be n/3 + 1888/(-12). Let s = -102 - d. Is s a multiple of 19?
False
Let x be 15*(4 + 0)*(-8)/32. Is 25/(-10)*(-1 + 1599/x) a multiple of 51?
False
Let v(l) = -l**2 - 5*l + 4. Let j be v(-5). Let o be 14 + -8 + j*-1. Suppose 8 = -2*k + o, m - 36 = k. Does 22 divide m?
False
Let r(t) = 1109*t**2 - 2*t - 1. Let d be r(-2). Suppose -331 = -5*m + d. Is 18 a factor of 4/6 + m/27?
True
Does 15 divide -1 + -3 + 5 + 4094?
True
Let b = 7 + -3. Suppose w + b*w = -35. Is 13 a factor of w/((-28)/(-8)) + 15?
True
Does 31 divide (945/(-30)*52)/(3/(-2))?
False
Suppose 0 = -5*g - g - 858